{"id":1257,"date":"2024-04-29T11:32:15","date_gmt":"2024-04-29T09:32:15","guid":{"rendered":"https:\/\/www.inap.no\/inwp\/?page_id=1257"},"modified":"2026-01-09T19:08:04","modified_gmt":"2026-01-09T18:08:04","slug":"inap-webinar","status":"publish","type":"page","link":"http:\/\/www.inap.no\/inwp\/inap-webinar\/","title":{"rendered":"INAP webinar november 25"},"content":{"rendered":"<p>[et_pb_section fb_built=&raquo;1&#8243; next_background_color=&raquo;#ffffff&raquo; admin_label=&raquo;Header&raquo; _builder_version=&raquo;4.0.9&#8243; background_color=&raquo;#34545a&raquo; background_image=&raquo;http:\/\/www.inap.no\/inwp\/wp-content\/uploads\/2026\/01\/260119-INAP-webinar-med-Annhild.png&raquo; background_size=&raquo;contain&raquo; custom_margin=&raquo;||||false&raquo; custom_padding=&raquo;12vw||12vw||true|false&raquo; bottom_divider_style=&raquo;curve&raquo; bottom_divider_height=&raquo;6vw&raquo; hover_enabled=&raquo;0&#8243;][et_pb_row _builder_version=&raquo;4.0.9&#8243;][et_pb_column type=&raquo;4_4&#8243; _builder_version=&raquo;4.0.9&#8243;][\/et_pb_column][\/et_pb_row][\/et_pb_section][et_pb_section fb_built=&raquo;1&#8243; _builder_version=&raquo;4.0.9&#8243;][et_pb_row column_structure=&raquo;1_2,1_2&#8243; _builder_version=&raquo;4.0.9&#8243;][et_pb_column type=&raquo;1_2&#8243; _builder_version=&raquo;4.0.9&#8243;][et_pb_blurb title=&raquo;Hvordan presenteres begrepet prosent i tre utvalgte l\u00e6reverk for 5-7.trinn? En l\u00e6reboksanalyse sett i lys av systematisk begrepsundervising. &raquo; icon_placement=&raquo;left&raquo; image_max_width=&raquo;80px&raquo; image_max_width_tablet=&raquo;60px&raquo; image_max_width_phone=&raquo;&raquo; image_max_width_last_edited=&raquo;on|tablet&raquo; _builder_version=&raquo;4.0.9&#8243; header_font=&raquo;Merriweather|700|||||||&raquo; header_line_height=&raquo;1.8em&raquo; body_line_height=&raquo;2em&raquo; background_color=&raquo;#ffffff&raquo; custom_padding=&raquo;30px|30px|30px|30px|true|true&raquo; animation_style=&raquo;zoom&raquo; animation_intensity_zoom=&raquo;10%&raquo; border_radii=&raquo;on|10px|10px|10px|10px&raquo; border_radii_image=&raquo;on|100px|100px|100px|100px&raquo; box_shadow_style=&raquo;preset1&#8243; box_shadow_vertical=&raquo;10px&raquo; box_shadow_blur=&raquo;60px&raquo; box_shadow_color=&raquo;rgba(1,33,92,0.1)&raquo; box_shadow_style_image=&raquo;preset1&#8243; box_shadow_vertical_image=&raquo;10px&raquo; box_shadow_blur_image=&raquo;40px&raquo; box_shadow_spread_image=&raquo;-10px&raquo; box_shadow_color_image=&raquo;#15c39a&raquo;]<\/p>\n<p class=\"p1\">Utsatt til 19.jan-26,\u00a0 kl 18.00-19.45<\/p>\n<p>[\/et_pb_blurb][et_pb_blurb title=&raquo;PRISER&raquo; icon_placement=&raquo;left&raquo; image_max_width=&raquo;80px&raquo; image_max_width_tablet=&raquo;60px&raquo; image_max_width_phone=&raquo;&raquo; image_max_width_last_edited=&raquo;on|tablet&raquo; _builder_version=&raquo;4.0.9&#8243; header_font=&raquo;Merriweather|700|||||||&raquo; header_line_height=&raquo;1.8em&raquo; body_line_height=&raquo;2em&raquo; background_color=&raquo;#ffffff&raquo; custom_padding=&raquo;30px|30px|30px|30px|true|true&raquo; animation_style=&raquo;zoom&raquo; animation_intensity_zoom=&raquo;10%&raquo; border_radii=&raquo;on|10px|10px|10px|10px&raquo; border_radii_image=&raquo;on|100px|100px|100px|100px&raquo; box_shadow_style=&raquo;preset1&#8243; box_shadow_vertical=&raquo;10px&raquo; box_shadow_blur=&raquo;60px&raquo; box_shadow_color=&raquo;rgba(1,33,92,0.1)&raquo; box_shadow_style_image=&raquo;preset1&#8243; box_shadow_vertical_image=&raquo;10px&raquo; box_shadow_blur_image=&raquo;40px&raquo; box_shadow_spread_image=&raquo;-10px&raquo; box_shadow_color_image=&raquo;#437a88&#8243;]<\/p>\n<p><strong style=\"font-size: 14px;\">Webinar:<\/strong><\/p>\n<p>INAP-medlemmer: Gratis<br \/>Andre: 350<\/p>\n<p><strong>Medlemskap i INAP:<\/strong><span style=\"font-size: 14px;\">\u00a0<\/span><\/p>\n<p>Organisasjonsmedlemskap: 710<\/p>\n<p>Personlig medlemskap: 340<\/p>\n<p><strong>\u00a0<\/strong><\/p>\n<div class=\"et_pb_column ui-sortable et-animated--vb et_pb_column_1_2 et_pb_column_1 et-last-child et_pb_with_border\" data-address=\"1.0.1\">\u00a0<\/div>\n<p>[\/et_pb_blurb][et_pb_button button_url=&raquo;https:\/\/www.inap.no\/inwp\/pamelding-webinar\/&raquo; button_text=&raquo;P\u00e5melding &raquo; button_alignment=&raquo;center&raquo; _builder_version=&raquo;4.0.9&#8243; custom_button=&raquo;on&raquo; button_text_color=&raquo;#ffffff&raquo; button_bg_color=&raquo;#00457a&raquo; button_border_color=&raquo;rgba(0,0,0,0)&raquo; button_border_radius=&raquo;27px&raquo; background_layout=&raquo;dark&raquo; button_letter_spacing_hover=&raquo;2px&raquo; locked=&raquo;off&raquo; button_text_size__hover_enabled=&raquo;off&raquo; button_one_text_size__hover_enabled=&raquo;off&raquo; button_two_text_size__hover_enabled=&raquo;off&raquo; button_text_color__hover_enabled=&raquo;off&raquo; button_one_text_color__hover_enabled=&raquo;off&raquo; button_two_text_color__hover_enabled=&raquo;off&raquo; button_border_width__hover_enabled=&raquo;off&raquo; button_one_border_width__hover_enabled=&raquo;off&raquo; button_two_border_width__hover_enabled=&raquo;off&raquo; button_border_color__hover_enabled=&raquo;off&raquo; button_one_border_color__hover_enabled=&raquo;off&raquo; button_two_border_color__hover_enabled=&raquo;off&raquo; button_border_radius__hover_enabled=&raquo;off&raquo; button_one_border_radius__hover_enabled=&raquo;off&raquo; button_two_border_radius__hover_enabled=&raquo;off&raquo; button_letter_spacing__hover_enabled=&raquo;on&raquo; button_letter_spacing__hover=&raquo;2px&raquo; button_one_letter_spacing__hover_enabled=&raquo;off&raquo; button_two_letter_spacing__hover_enabled=&raquo;off&raquo; button_bg_color__hover_enabled=&raquo;off&raquo; button_one_bg_color__hover_enabled=&raquo;off&raquo; button_two_bg_color__hover_enabled=&raquo;off&raquo;][\/et_pb_button][\/et_pb_column][et_pb_column type=&raquo;1_2&#8243; _builder_version=&raquo;4.0.9&#8243;][et_pb_text _builder_version=&raquo;4.0.9&#8243; text_font=&raquo;||||||||&raquo; text_line_height=&raquo;2em&raquo; header_font=&raquo;||||||||&raquo; header_2_font=&raquo;Merriweather|700|||||||&raquo; header_2_font_size=&raquo;36px&raquo; header_2_line_height=&raquo;1.6em&raquo; background_color=&raquo;#d6d6d6&#8243; use_background_color_gradient=&raquo;on&raquo; background_color_gradient_start=&raquo;rgba(10,17,16,0.55)&raquo; background_color_gradient_direction=&raquo;190deg&raquo; background_color_gradient_start_position=&raquo;16%&raquo; custom_padding=&raquo;16px|16px|16px|16px|false|false&raquo; header_2_font_size_tablet=&raquo;&raquo; header_2_font_size_phone=&raquo;20px&raquo; header_2_font_size_last_edited=&raquo;on|phone&raquo; border_radii=&raquo;on|20px|20px|20px|20px&raquo;]<\/p>\n<h2><span style=\"color: #ffffff;\">Bli medlem av INAP<\/span><\/h2>\n<p><span style=\"color: #ffffff;\">Institutt for Anvendt Pedagogikk (INAP) er en ideell stiftelse som tilgjengeliggj\u00f8r Magne og Ragnhild Nyborgs forskningsarbeid og som fungerer som faglig nettverk for pedagoger fra hele landet som jobber med Systematisk begrepsundervisning.<\/span><\/p>\n<p style=\"text-align: left;\"><span style=\"color: #ffffff;\">Som medlem av\u00a0INAP mottar du v\u00e5rt nyhetsbrev med informasjon om kommende webinarer. Det arrangeres 2-3 slike webinarer \u00e5rlig, der ulike pedagoger med kompetanse innen Systematisk Begrepsundervisning inviteres til \u00e5 presentere sine erfaringer.<\/span><\/p>\n<p><span style=\"color: #ffffff;\">Webinarene legges til kveldstid slik at flest mulig har anledning \u00e5 delta, og varer i 90 minutter. Vi starter med en 45 min innledning av foredragsholder med p\u00e5f\u00f8lgende paneldebatt, der andre erfarne BU-pedagoger deltar for \u00e5 lede diskusjonen. Her blir det mulighet for \u00e5 stille sp\u00f8rsm\u00e5l, dele egne erfaringer og bygge nettverk med andre pedagoger som brenner for Systematisk begrepsundervisning.<\/span><br \/> <span style=\"color: #ffffff;\"> Er du interessert i Systematisk begrepsundervisning og barns l\u00e6ring, er du hjertelig velkommen som medlem!<\/span><\/p>\n<p>[\/et_pb_text][et_pb_button button_url=&raquo;https:\/\/www.inap.no\/inwp\/innmelding\/&raquo; button_text=&raquo;Bli medlem&raquo; button_alignment=&raquo;center&raquo; _builder_version=&raquo;4.0.9&#8243; custom_button=&raquo;on&raquo; button_text_color=&raquo;#ffffff&raquo; button_bg_color=&raquo;#00457a&raquo; button_border_color=&raquo;rgba(0,0,0,0)&raquo; button_border_radius=&raquo;27px&raquo; button_icon=&raquo;%%259%%&raquo; button_icon_color=&raquo;#ffffff&raquo; background_layout=&raquo;dark&raquo;][\/et_pb_button][\/et_pb_column][\/et_pb_row][et_pb_row _builder_version=&raquo;4.0.9&#8243;][et_pb_column type=&raquo;4_4&#8243; _builder_version=&raquo;4.0.9&#8243;][et_pb_text _builder_version=&raquo;4.0.9&#8243;]<\/p>\n<h2>Mer om programmet\u00a0<\/h2>\n<p>[\/et_pb_text][\/et_pb_column][\/et_pb_row][et_pb_row column_structure=&raquo;1_2,1_2&#8243; _builder_version=&raquo;4.0.9&#8243;][et_pb_column type=&raquo;1_2&#8243; _builder_version=&raquo;4.0.9&#8243;][et_pb_text _builder_version=&raquo;4.0.9&#8243;]<\/p>\n<h3 class=\"p1\" style=\"text-align: center;\"><b>Hvordan l\u00e6re om prosent p\u00e5 mellomtrinnet?<\/b><\/h3>\n<p>[\/et_pb_text][et_pb_text _builder_version=&raquo;4.0.9&#8243; custom_padding=&raquo;16px|16px|16px|16px|false|false&raquo; box_shadow_style=&raquo;preset1&#8243;]<\/p>\n<p><span style=\"font-size: 14px;\">Mange elever synes matematikk er vanskelig \u2013 b\u00e5de p\u00e5 mellomtrinnet og ungdomstrinnet. En grunn kan v\u00e6re at de ikke har l\u00e6rt begrepene i faget godt nok tidligere. N\u00e5r nye og mer avanserte temaer kommer, som prosent og prosentregning, blir det ekstra krevende. Mange elever sliter med \u00e5 forst\u00e5 hva prosent egentlig betyr, og hvordan det henger sammen med annen matematikk.<\/span><\/p>\n<p class=\"p1\">I dette webinaret f\u00e5r du h\u00f8re <b>Annhild Nyborg<\/b> presentere funn fra sin\u00a0<\/p>\n<p class=\"p1\"><b>masteroppgave ved H\u00f8gskulen p\u00e5 Vestlandet (HVL)<\/b>. Hun har sett p\u00e5 <b>hvordan prosentbegrepet blir forklart og brukt i l\u00e6reverk i matematikk p\u00e5 5.\u20137. trinn<\/b>. Studien viser hvordan l\u00e6reb\u00f8kene st\u00f8tter (eller ikke st\u00f8tter) elevenes forst\u00e5else av begrepet, og hvilke utfordringer dette kan skape. Arbeidet bygger p\u00e5 <b>Magne Nyborgs begrepsteori og BU-modellen<\/b>.<\/p>\n<p class=\"p1\"><b><\/b><\/p>\n<p>[\/et_pb_text][\/et_pb_column][et_pb_column type=&raquo;1_2&#8243; _builder_version=&raquo;4.0.9&#8243;][et_pb_text _builder_version=&raquo;4.0.9&#8243;]<\/p>\n<h3 class=\"p1\" style=\"text-align: center;\"><b>Bli kjent med N\u00f8stetrollene &#8211; en ny bildebokserie for begrepsl\u00e6ring<\/b><\/h3>\n<p>[\/et_pb_text][et_pb_text _builder_version=&raquo;4.0.9&#8243; custom_padding=&raquo;16px|16px|16px|16px|false|false&raquo; box_shadow_style=&raquo;preset1&#8243;]<\/p>\n<p class=\"p1\"><span style=\"font-size: 14px;\">Etterp\u00e5 m\u00f8ter vi <\/span><b style=\"font-size: 14px;\">Carin Fodstad og Solveig Nyborg<\/b><span style=\"font-size: 14px;\">, forfatterne bak <\/span><b style=\"font-size: 14px;\">bildebokserien <\/b><b style=\"font-size: 14px;\"><i>N\u00f8stetrollene p\u00e5 begrepsjakt<\/i><\/b><span style=\"font-size: 14px;\">, rettet mot barn fra 3\u20136 \u00e5r. Solveig vil vise fram de to f\u00f8rste b\u00f8kene \u2013 <\/span><i style=\"font-size: 14px;\">N\u00f8stetrollene p\u00e5 fargejakt 1 og 2<\/i><span style=\"font-size: 14px;\"> \u2013 som snart kommer fra trykkeriet, og som allerede kan forh\u00e5ndsbestilles! B\u00f8kene tar barna med inn i N\u00f8stetrollenes eventyrverden, der de l\u00e6rer om farger og nye begreper gjennom fargerike og livaktige bilder sp\u00f8rsm\u00e5l og oppgaver i tekstene og egenaktiviteter, i tr\u00e5d med BU-modellen.<\/span><\/p>\n<p class=\"p1\">Webinaret passer for <b>l\u00e6rere, l\u00e6rerutdannere, skoleledere og alle som er opptatt av hvordan barn l\u00e6rer matematikk og utvikler begreper<\/b>.<\/p>\n<p class=\"p1\"><b>Velkommen til et inspirerende webinar om begrepsforst\u00e5else, matematikk og spennende nye b\u00f8ker i BU-tradisjonen!<\/b><\/p>\n<p>[\/et_pb_text][\/et_pb_column][\/et_pb_row][\/et_pb_section]<\/p>\n","protected":false},"excerpt":{"rendered":"<p>[et_pb_section fb_built=&raquo;1&#8243; next_background_color=&raquo;#ffffff&raquo; admin_label=&raquo;Header&raquo; _builder_version=&raquo;4.0.9&#8243; background_color=&raquo;#34545a&raquo; background_image=&raquo;http:\/\/www.inap.no\/inwp\/wp-content\/uploads\/2026\/01\/260119-INAP-webinar-med-Annhild.png&raquo; background_size=&raquo;contain&raquo; custom_margin=&raquo;||||false&raquo; custom_padding=&raquo;12vw||12vw||true|false&raquo; bottom_divider_style=&raquo;curve&raquo; bottom_divider_height=&raquo;6vw&raquo; hover_enabled=&raquo;0&#8243;][et_pb_row _builder_version=&raquo;4.0.9&#8243;][et_pb_column type=&raquo;4_4&#8243; _builder_version=&raquo;4.0.9&#8243;][\/et_pb_column][\/et_pb_row][\/et_pb_section][et_pb_section fb_built=&raquo;1&#8243; _builder_version=&raquo;4.0.9&#8243;][et_pb_row column_structure=&raquo;1_2,1_2&#8243; _builder_version=&raquo;4.0.9&#8243;][et_pb_column type=&raquo;1_2&#8243; _builder_version=&raquo;4.0.9&#8243;][et_pb_blurb title=&raquo;Hvordan presenteres begrepet prosent i tre utvalgte l\u00e6reverk for 5-7.trinn? En l\u00e6reboksanalyse sett i lys av systematisk begrepsundervising. &raquo; icon_placement=&raquo;left&raquo; image_max_width=&raquo;80px&raquo; image_max_width_tablet=&raquo;60px&raquo; image_max_width_phone=&raquo;&raquo; image_max_width_last_edited=&raquo;on|tablet&raquo; _builder_version=&raquo;4.0.9&#8243; header_font=&raquo;Merriweather|700|||||||&raquo; header_line_height=&raquo;1.8em&raquo; body_line_height=&raquo;2em&raquo; background_color=&raquo;#ffffff&raquo; custom_padding=&raquo;30px|30px|30px|30px|true|true&raquo; animation_style=&raquo;zoom&raquo; animation_intensity_zoom=&raquo;10%&raquo; border_radii=&raquo;on|10px|10px|10px|10px&raquo; [&hellip;]<\/p>\n","protected":false},"author":3,"featured_media":0,"parent":0,"menu_order":0,"comment_status":"closed","ping_status":"closed","template":"","meta":{"_et_pb_use_builder":"on","_et_pb_old_content":"<h2><strong><span style=\"font-family: HelveticaNeue;\">Erfaringer med Systematisk begrepsundervisning (BU) <\/span><span style=\"font-family: HelveticaNeue;\">som tiltak for elever p\u00e5 5.-7. trinn<\/span><\/strong><\/h2><p>M\u00f8t Marie S. Klever B\u00f8ye, kontakt-l\u00e6rer, engelskl\u00e6rer og spesialpedagog ved B\u00f8 skule, B\u00f8 i Telemark. Hun er initiativtaker for skolens BU-<br \/>satsning, og \u00e5 utstyre skolen med et eget BU-rom. Hun har brukt\u00a0Conexus\u00a0GB-test i pre- og posttesting i forbindelse med BU-tiltak<br \/>for en gruppe elever, noe hun vil presentere for oss denne kvelden:<br \/>\"<em>\u2013 Viser bare at det har effekt!<\/em> \ud83d\ude09\"<\/p><p><strong>Dersom du ikke h\u00f8rer fra oss, eller ikke f\u00e5r tilsendt lenke innen 3 dager f\u00f8r arrangementet, send en e-post til oss. (Vi har tidligere opplevd at noen f\u00e5 ikke er blitt registrert). \u00a0Send ogs\u00e5 e-post om dere \u00f8nsker organisasjonsmedlemskap<\/strong>\u00a0 - og velg medlem i p\u00e5meldingskjemaet for de som melder seg p\u00e5 fra organisasjonen.<\/p><p>PROBLEMER MED P\u00c5MELDINGSSKJEMA? Send <a href=\"mailto:magnus@nyborg.co\">epost<\/a> med navn, e-postadresse og opplysninger om eventuelt INAP-medlemskap (personlig eller organisasjonsmedlemskap), eventuelt beskjed om du \u00f8nsker \u00e5 melde deg inn i INAP eller om du \u00f8nsker \u00e5 delta uten innmelding.<\/p>","footnotes":""},"class_list":["post-1257","page","type-page","status-publish","hentry"],"_links":{"self":[{"href":"http:\/\/www.inap.no\/inwp\/wp-json\/wp\/v2\/pages\/1257","targetHints":{"allow":["GET"]}}],"collection":[{"href":"http:\/\/www.inap.no\/inwp\/wp-json\/wp\/v2\/pages"}],"about":[{"href":"http:\/\/www.inap.no\/inwp\/wp-json\/wp\/v2\/types\/page"}],"author":[{"embeddable":true,"href":"http:\/\/www.inap.no\/inwp\/wp-json\/wp\/v2\/users\/3"}],"replies":[{"embeddable":true,"href":"http:\/\/www.inap.no\/inwp\/wp-json\/wp\/v2\/comments?post=1257"}],"version-history":[{"count":81,"href":"http:\/\/www.inap.no\/inwp\/wp-json\/wp\/v2\/pages\/1257\/revisions"}],"predecessor-version":[{"id":1604,"href":"http:\/\/www.inap.no\/inwp\/wp-json\/wp\/v2\/pages\/1257\/revisions\/1604"}],"wp:attachment":[{"href":"http:\/\/www.inap.no\/inwp\/wp-json\/wp\/v2\/media?parent=1257"}],"curies":[{"name":"wp","href":"https:\/\/api.w.org\/{rel}","templated":true}]}}